*w(d). Suppose -z = -2 - 8. Is r(z) composite?
False
Let b be 2/13 - 14775/(-39). Is (-5)/(-5 + 0)*b composite?
False
Let x(k) = -5*k**3 + 2*k**2 + 3*k + 11. Let b be x(6). Let c = b - -1568. Is c prime?
False
Let n be ((-240)/72)/((-2)/3). Is (7/2)/(1/n)*2 a prime number?
False
Suppose 0 = 3*l + 3, -4*d + 2*l + 40972 = -39738. Is d prime?
True
Let v be -10*(-2 + (-16)/(-10)). Suppose 2*o - 2 - v = 0. Suppose -o*k = -8*k + 4765. Is k composite?
False
Let f(v) = -v**2 - 13*v - 3. Let z be f(-9). Let t be -1*(-1 + -23) + 1. Let x = t + z. Is x composite?
True
Let q(r) = r**2 - r + 127. Let l(c) = c**2 + 3*c - 4. Let u be l(-4). Is q(u) prime?
True
Suppose 3*u - 5210 = -4*q, 3*q = 4*u + 4164 - 269. Suppose 0 = -4*n + 3143 + q. Is n a prime number?
False
Is 5512 + 1 + (-11 - -8) + -3 prime?
True
Suppose -6893 = -13*p + 6640. Is p composite?
True
Let t(z) = 19*z**2 + 27*z - 7. Let v(x) = -x**3 + 17*x**2 + 19*x - 26. Let d be v(18). Is t(d) composite?
True
Suppose -4*h = f - 11479, 5610 = -5*f - 4*h + 62973. Suppose -f = -3*k + l + 3*l, 5*l = 3*k - 11476. Is k a composite number?
True
Let j(q) = -1248*q**3 - 2*q**2 - 2*q - 1. Is j(-1) composite?
True
Let n(b) = 33*b**2 - 32*b - 4. Is n(11) a prime number?
True
Is 741290/77 + ((-15)/7 - -2) a prime number?
False
Let t(f) = 16*f - 3. Let w be t(3). Let u = -41 - -47. Suppose -b + u = -w. Is b composite?
True
Let g = 6228 - -371. Is g prime?
True
Let a = 6569 + -4485. Let h = -1075 + a. Is h a prime number?
True
Let y = -9146 + 15313. Suppose 0 = -2*p + 1 + 1, -y = -4*l + 5*p. Suppose 494 = 3*s - l. Is s composite?
True
Suppose 5*v - 5*u = -5, -15 = -v - 0*v - 3*u. Is 7133 - (6/(v - 1) + -3) a prime number?
False
Suppose 0 = -3*n + 4*g + 5717, 5*g = 70*n - 67*n - 5719. Is n a prime number?
False
Suppose -31*f = -37*f + 12. Suppose z - 379 = -f*m, -3*m + m = 5*z - 1895. Is z composite?
False
Let u = -22 - -38. Let y = 20 - u. Suppose 5*r = -x + 544, 6*r - y*r + x - 217 = 0. Is r prime?
True
Suppose -2*d + 3*p = 8*p - 31668, -3*p = -2*d + 31684. Is d composite?
True
Let k = 16 + -27. Let c be 6/39 + k/(-13). Let u(z) = 44*z**3 - z**2 - z + 1. Is u(c) a prime number?
True
Let n be (-54 + -1)*68/(-10). Suppose o = 3*o - n. Is o a prime number?
False
Let k(b) = -2*b**3 - 6*b**2 + 27*b - 4. Is k(-25) a composite number?
False
Is (2 - -3 - 2*13886)/(-1) prime?
True
Is -3*(-2097)/81*3 composite?
False
Let c = -17 - -44. Is (-4 + (-5000)/12)*c/(-6) prime?
False
Let s be -3 - 402/3*(-154)/2. Is 2/(-3 - (-30955)/s) a prime number?
True
Suppose 0 = 3*n - 4*m - 12, -3*n + 3*m - 12 = -6*n. Suppose 4*z = 4*u - 2760, 0 = -3*u + n*z + 78 + 1991. Is u a prime number?
True
Let o be 12362/14 - (1/1 + 1). Suppose -u + 4*i + o = 0, -4*u = -4*i + 361 - 3849. Is u a prime number?
False
Let n = 263120 + -167787. Is n a prime number?
False
Suppose -7 = -3*k + 8, -19157 = -3*l + 2*k. Is l a prime number?
True
Let d(m) = -30*m**2 - m - 3. Let a be d(2). Let z(n) = -n - 218. Let r be z(0). Let p = a - r. Is p composite?
True
Let u(h) = h**3 - 3*h**2 + 10*h - 3. Let s be 5 + 0*(-3)/15. Is u(s) composite?
False
Suppose -11*q = -14*q - 5*m + 73236, -q = m - 24410. Is q a composite number?
False
Suppose 0 = 50*o - 55*o - h + 189340, 75729 = 2*o - h. Is o a prime number?
False
Let g(d) = d**2. Let i = -2 - -4. Let f be g(i). Suppose -f*l + 4 = 0, -5*l = 4*w - 201 - 24. Is w a prime number?
False
Let b(j) = 197*j - 57. Is b(10) prime?
True
Suppose -6 = -3*d + 6*d. Let k be -3 + (0 - d) - -7. Suppose -35 = -k*n + n. Is n composite?
False
Suppose -30*k + 117345 + 304065 = 0. Is k a composite number?
True
Let q = 8402 - 5215. Is q prime?
True
Suppose 7*q - 234 = 732. Let h = 25 + q. Is h a prime number?
True
Let p(r) = 11 - r - 4 - 2. Let c be p(3). Is 3831/c*(-8)/(-12) composite?
False
Let u(s) = -2*s + 3. Let v be u(3). Let g(a) = -a - 1. Let d be g(v). Suppose d*r + 155 = j, 2 + 2 = r. Is j a prime number?
True
Suppose 5*g - 3*g = -32. Let w be (g/6)/((-32)/(-48)). Is 371/(-28)*11*w prime?
False
Let u(n) = -3*n - 25. Let p be u(-10). Suppose -2*m = 2*m + d - 189, -5*d = p*m - 240. Is m a composite number?
False
Let h = -59 - -59. Suppose -1563 = m - 4*m - 4*j, h = 5*m + 2*j - 2605. Is m prime?
True
Let s(c) = -26135*c**3 + 9*c + 9. Is s(-1) a composite number?
True
Let v = -73 - -75. Is -3342*3/(-12)*v prime?
False
Let i = 4 + -22. Let w = i - -21. Suppose 450 - 105 = w*v. Is v a composite number?
True
Is (9332/(-6))/(31/((-465)/10)) composite?
False
Let y(n) = 67*n**2 + 17*n + 89. Is y(-5) a composite number?
True
Let j(y) = 813*y + 64. Is j(7) prime?
False
Let o(c) = -40*c - 3. Let r be (-3 + 1 - 1)*1. Let b be o(r). Let l = b - -26. Is l prime?
False
Let g(n) = 13*n + 1. Let z be g(4). Let a(w) = -4*w - 12. Let h be a(-4). Suppose 5*i + 3*b - 83 = -b, 3*i + h*b - z = 0. Is i a composite number?
True
Let c = 91 + -88. Is c/((-24)/(-12730)) - 1/4 composite?
True
Let p(w) = 240*w**3 - 8*w**2 + 24*w - 95. Is p(4) a composite number?
False
Let a = -648 - -643. Let x(q) = 3*q**3 - 4*q**2 - 3*q - 7. Let c(f) = 2*f**3 - 2*f**2 - f - 3. Let k(h) = -5*c(h) + 3*x(h). Is k(a) prime?
True
Let p(b) = -4*b**2 + 5*b - 2. Let c be p(-9). Is 1 + -5 - -4 - c prime?
False
Suppose -2*j + 13857 = 5*h, -8*j - 3*h + 20790 = -5*j. Is j composite?
True
Let d(q) be the second derivative of 9*q**5/20 - q**4/6 + 13*q**3/6 - 7*q**2/2 + 24*q. Is d(5) composite?
True
Suppose 4*x = -2325 + 593. Let y = 2614 + x. Is y prime?
False
Let i = -9200 + 17091. Is i a prime number?
False
Suppose -5*v + 0*d + 595 = 5*d, -5*v + 611 = -3*d. Suppose 418 = 9*a + v. Is a a prime number?
False
Let n = 17383 + 1170. Is n a composite number?
False
Is 2307 + -1 - (3/1 + -6) a prime number?
True
Let w(j) = 17*j**3 - 11*j**2 + 34*j + 7. Is w(3) a prime number?
False
Let q(w) = 3*w - 7. Let x be q(-8). Let h = x + 52. Suppose -s + 104 - h = 0. Is s a composite number?
False
Let f be 210/55 - 8/(-44). Suppose f*u - 2765 = -3*z, z + 4618 = 6*z - 3*u. Is z a composite number?
True
Let l(q) = -2*q**2 + 7*q + 6. Let z be l(6). Let p = z - -143. Is p a composite number?
True
Suppose -31*v + 68415 = -26*v. Is v a composite number?
True
Let p = -860 - -2891. Suppose 696*s = 716*s - 400. Suppose 23*b - s*b = p. Is b prime?
True
Suppose 4*f + 5*t = -4, 5*f = t + 3*t + 36. Is ((-2274)/12)/((-2)/f) a composite number?
False
Suppose -9*m + 2*m = -50309. Suppose 0 = b + x - 3594, b - 3*x + m = 3*b. Is b a composite number?
True
Let h = 25 + -10. Suppose -4*z - 124 = l, -3*l + 33 + h = -2*z. Let k = 47 - z. Is k a prime number?
False
Suppose g - 8407 = 3913. Suppose -g = -3*j - 5*k, 20520 = -j + 6*j - 5*k. Is j a prime number?
False
Suppose -2747 - 541 = -12*j. Is j a prime number?
False
Let q(l) = 3*l**2 - 13*l - 57. Is q(-41) a prime number?
True
Suppose -78*f - 55258 = -92*f. Is f composite?
False
Let r be (24/15)/(4/10). Is 68*(0 + 13/r) a composite number?
True
Let v be ((-4038)/12)/((-2)/12). Let k = 1294 - v. Let h = k - -1398. Is h a composite number?
False
Let f be (-3 - -2)/((-3)/(-21)). Let y = -2 - f. Suppose 167 = j + y*m, 3*m = -4*j + 554 + 182. Is j composite?
True
Let o(l) = -54*l + 1. Let x = 11 + -6. Suppose -3*v = -5*p + 26, 6*p - 2*p - 6 = -x*v. Is o(v) a composite number?
False
Suppose -474*w + 93090 = -444*w. Is w composite?
True
Let z(p) = -p - 11. Let o be z(-9). Let b be (o/4)/((-10)/40). Suppose 5070 = b*q - 152. Is q composite?
True
Let f = -1087 + 600. Let a = -120 - f. Is a composite?
False
Suppose -34 = -5*y - 9. Suppose 17 = -y*v + 42. Suppose -4*x - 307 = -v*x. Is x a prime number?
True
Let c(t) = 3*t - 8. Let g be c(-8). Is g/(-20) - 4/(-10) - -1255 a prime number?
False
Let r(d) = -d**2 - 16*d + 2. Let h be (1 + -4 + 0)/(-1). Suppose -3*y - 42 = y - p, 5*y + h*p + 61 = 0. Is r(y) a composite number?
True
Suppose 0 = 5*y + 4*w - 7675, 4*y - w - 4219 = 1921. Suppose -58 = 4*a + 22. Is 1/4 - y/a composite?
True
Suppose -50 = -5*x - 15. Suppose -4668 = x*i - 10*i. Suppose 6*p - 2*p - i = 0. Is p a prime number?
True
Suppose 20 = 5*v - v. Let k be 4/5*1*v. Suppose -10 = 5*d, 75 = h + k*d - 104. Is h prime?
False
Suppose -4*j + 3*j + 3*g + 539 = 0, -g - 1068 = -2*j. Is j prime?
False
Suppose 0 = -24*o + 18*o + 23610. Is o a composite number?
True
Let z be (-3 - -1 - -1)